9
What is the thousands digit of 19627?
9
What is the hundreds digit of 2544?
5
What is the thousands digit of 10518?
0
What is the tens digit of 1233?
3
What is the hundreds digit of 17141?
1
What is the units digit of 4532?
2
What is the hundreds digit of 1140?
1
What is the thousands digit of 4113?
4
What is the units digit of 30467?
7
What is the thousands digit of 1138?
1
What is the units digit of 21101?
1
What is the units digit of 39510?
0
What is the ten thousands digit of 34965?
3
What is the tens digit of 6318?
1
What is the ten thousands digit of 79268?
7
What is the hundreds digit of 436?
4
What is the ten thousands digit of 143398?
4
What is the tens digit of 1682?
8
What is the units digit of 2459?
9
What is the units digit of 23782?
2
What is the hundreds digit of 1406?
4
What is the tens digit of 9554?
5
What is the units digit of 2167?
7
What is the thousands digit of 3348?
3
What is the hundreds digit of 33431?
4
What is the thousands digit of 27838?
7
What is the tens digit of 145?
4
What is the hundreds digit of 51532?
5
What is the units digit of 67671?
1
What is the thousands digit of 6529?
6
What is the thousands digit of 42856?
2
What is the tens digit of 417?
1
What is the units digit of 28677?
7
What is the thousands digit of 3967?
3
What is the hundreds digit of 519?
5
What is the hundreds digit of 184?
1
What is the tens digit of 395?
9
What is the units digit of 12187?
7
What is the hundreds digit of 823?
8
What is the tens digit of 323?
2
What is the hundreds digit of 594?
5
What is the thousands digit of 1862?
1
What is the hundreds digit of 8903?
9
What is the hundreds digit of 744?
7
What is the tens digit of 26?
2
What is the hundreds digit of 4338?
3
What is the ten thousands digit of 44797?
4
What is the tens digit of 92502?
0
What is the hundreds digit of 1224?
2
What is the hundreds digit of 137915?
9
What is the thousands digit of 28871?
8
What is the thousands digit of 19337?
9
What is the thousands digit of 51880?
1
What is the thousands digit of 12631?
2
What is the units digit of 2500?
0
What is the ten thousands digit of 42433?
4
What is the thousands digit of 4134?
4
What is the tens digit of 50161?
6
What is the tens digit of 3101?
0
What is the thousands digit of 3669?
3
What is the tens digit of 4482?
8
What is the tens digit of 50066?
6
What is the tens digit of 29121?
2
What is the tens digit of 2669?
6
What is the tens digit of 1323?
2
What is the thousands digit of 14524?
4
What is the units digit of 565?
5
What is the tens digit of 106?
0
What is the hundreds digit of 59452?
4
What is the units digit of 8975?
5
What is the thousands digit of 15556?
5
What is the tens digit of 5940?
4
What is the hundreds digit of 9124?
1
What is the hundred thousands digit of 165819?
1
What is the tens digit of 72774?
7
What is the tens digit of 1954?
5
What is the units digit of 2865?
5
What is the hundreds digit of 278?
2
What is the units digit of 1556?
6
What is the hundreds digit of 2372?
3
What is the thousands digit of 12691?
2
What is the tens digit of 28321?
2
What is the units digit of 2698?
8
What is the tens digit of 39?
3
What is the hundreds digit of 8513?
5
What is the hundreds digit of 212?
2
What is the tens digit of 5030?
3
What is the units digit of 100?
0
What is the tens digit of 74816?
1
What is the ten thousands digit of 22685?
2
What is the thousands digit of 35452?
5
What is the ten thousands digit of 18210?
1
What is the hundreds digit of 145?
1
What is the hundreds digit of 3466?
4
What is the thousands digit of 2824?
2
What is the hundreds digit of 5219?
2
What is the units digit of 3486?
6
What is the thousands digit of 4895?
4
What is the thousands digit of 8787?
8
What is the tens digit of 127?
2
What is the hundreds digit of 1169?
1
What is the units digit of 33308?
8
What is the tens digit of 14463?
6
What is the hundreds digit of 632?
6
What is the hundreds digit of 8866?
8
What is the tens digit of 889?
8
What is the units digit of 762?
2
What is the units digit of 9316?
6
What is the hundreds digit of 53121?
1
What is the units digit of 7994?
4
What is the tens digit of 564?
6
What is the units digit of 654?
4
What is the units digit of 1177?
7
What is the hundreds digit of 8222?
2
What is the units digit of 6124?
4
What is the ten thousands digit of 18236?
1
What is the tens digit of 976?
7
What is the units digit of 665?
5
What is the ten thousands digit of 84695?
8
What is the thousands digit of 4821?
4
What is the hundreds digit of 36120?
1
What is the thousands digit of 3709?
3
What is the units digit of 7832?
2
What is the hundreds digit of 9233?
2
What is the tens digit of 46?
4
What is the tens digit of 894?
9
What is the tens digit of 56963?
6
What is the units digit of 82428?
8
What is the thousands digit of 33941?
3
What is the tens digit of 33600?
0
What is the thousands digit of 9701?
9
What is the thousands digit of 19754?
9
What is the tens digit of 1371?
7
What is the thousands digit of 3019?
3
What is the units digit of 2077?
7
What is the ten thousands digit of 16997?
1
What is the units digit of 1110?
0
What is the tens digit of 17017?
1
What is the units digit of 9693?
3
What is the tens digit of 289?
8
What is the units digit of 20640?
0
What is the thousands digit of 3047?
3
What is the thousands digit of 4328?
4
What is the tens digit of 558?
5
What is the hundreds digit of 11908?
9
What is the hundreds digit of 1734?
7
What is the tens digit of 12790?
9
What is the hundreds digit of 59506?
5
What is the tens digit of 84?
8
What is the tens digit of 127841?
4
What is the tens digit of 163193?
9
What is the units digit of 4946?
6
What is the thousands digit of 5672?
5
What is the units digit of 1126?
6
What is the hundreds digit of 531?
5
What is the thousands digit of 1344?
1
What is the hundreds digit of 6709?
7
What is the tens digit of 5252?
5
What is the tens digit of 121?
2
What is the hundreds digit of 138836?
8
What is the thousands digit of 7691?
7
What is the thousands digit of 14137?
4
What is the units digit of 328?
8
What is the units digit of 26309?
9
What is the thousands digit of 68020?
8
What is the thousands digit of 64412?
4
What is the hundreds digit of 4254?
2
What is the hundreds digit of 62850?
8
What is the hundreds digit of 2141?
1
What is the tens digit of 17451?
5
What is the units digit of 728?
8
What is the units digit of 57758?
8
What is the hundreds digit of 1453?
4
What is the thousands digit of 61260?
1
What is the hundreds digit of 20682?
6
What is the units digit of 2550?
0
What is the hundreds digit of 8114?
1
What is the units digit of 1194?
4
What is the tens digit of 14190?
9
What is the thousands digit of 20589?
0
What is the thousands digit of 7312?
7
What is the units digit of 7132?
2
What is the hundreds digit of 136264?
2
What is the tens digit of 54117?
1
What is the units digit of 5024?
4
What is the tens digit of 2629?
2
What is the hundreds digit of 39612?
6
What is the hundreds digit of 77263?
2
What is the thousands digit of 5546?
5
What is the units digit of 4666?
6
What is the ten thousands digit of 44111?
4
What is the units digit of 8618?
8
What is the hundreds digit of 59225?
2
What is the tens digit of 20728?
2
What is the tens digit of 215?
1
What is the thousands digit of 6861?
6
What is the tens digit of 3765?
6
What is the hundreds digit of 820?
8
What is the thousands digit of 6969?
6
What is the units digit of 6712?
2
What is the units digit of 8684?
4
What is the tens digit of 397?
9
What is the thousands digit of 1799?
1
What is the units digit of 543?
3
What is the ten thousands digit of 15084?
1
What is the units digit of 278?
8
What is the tens digit of 81687?
8
What is the hundred thousands digit of 117190?
1
What is the hundreds digit of 26898?
8
What is the tens digit of 10374?
7
What is the hundreds digit of 31865?
8
What is the hundreds digit of 5185?
1
What is the hundreds digit of 16309?
3
What is the units digit of 5029?
9
What is the tens digit of 2025?
2
What is the hundreds digit of 10731?
7
What is the hundreds digit of 990?
9
What is the hundreds digit of 1408?
4
What is the tens digit of 5079?
7
What is the thousands digit of 9346?
9
What is the tens digit of 4712?
